{"id":3104,"date":"2025-03-06T09:53:12","date_gmt":"2025-03-06T08:53:12","guid":{"rendered":"https:\/\/afmje.org\/?page_id=3104"},"modified":"2025-04-11T21:10:16","modified_gmt":"2025-04-11T19:10:16","slug":"faune-sauvage","status":"publish","type":"page","link":"https:\/\/afmje.org\/index.php\/faune-sauvage\/","title":{"rendered":"Faune sauvage"},"content":{"rendered":"<div class=\"pmpro_content_message\">Ce contenu est uniquement r\u00e9serv\u00e9 aux membres Adh\u00e9sion \u00e0 l'AFMJE.<br \/><a href=\"https:\/\/afmje.org\/index.php\/login-2\/\">Se connecter<\/a> <a href=\"https:\/\/afmje.org\/index.php\/compte-dadherent\/niveaux-dadhesion\/\">S\u2019abonner maintenant<\/a><\/div>","protected":false},"excerpt":{"rendered":"<div class=\"pmpro_content_message\">Ce contenu est uniquement r\u00e9serv\u00e9 aux membres Adh\u00e9sion \u00e0 l'AFMJE.<br \/><a href=\"https:\/\/afmje.org\/index.php\/login-2\/\">Se connecter<\/a> <a href=\"https:\/\/afmje.org\/index.php\/compte-dadherent\/niveaux-dadhesion\/\">S\u2019abonner maintenant<\/a><\/div>","protected":false},"author":3,"featured_media":0,"parent":0,"menu_order":0,"comment_status":"closed","ping_status":"closed","template":"","meta":{"pmpro_default_level":0,"iawp_total_views":0,"footnotes":""},"class_list":["post-3104","page","type-page","status-publish","hentry","pmpro-level-required","pmpro-level-4","pmpro-no-access"],"yoast_head":"<!-- This site is optimized with the Yoast SEO plugin v24.6 - https:\/\/yoast.com\/wordpress\/plugins\/seo\/ -->\n<title>Faune sauvage - AFMJE<\/title>\n<meta name=\"robots\" content=\"index, follow, max-snippet:-1, max-image-preview:large, max-video-preview:-1\" \/>\n<link rel=\"canonical\" href=\"https:\/\/afmje.org\/index.php\/faune-sauvage\/\" \/>\n<meta property=\"og:locale\" content=\"fr_FR\" \/>\n<meta property=\"og:type\" content=\"article\" \/>\n<meta property=\"og:title\" content=\"Faune sauvage - AFMJE\" \/>\n<meta property=\"og:description\" content=\"Ce contenu est uniquement r\u00e9serv\u00e9 aux membres Adh\u00e9sion \u00e0 l&#039;AFMJE.Se connecter S\u2019abonner maintenant\" \/>\n<meta property=\"og:url\" content=\"https:\/\/afmje.org\/index.php\/faune-sauvage\/\" \/>\n<meta property=\"og:site_name\" content=\"AFMJE\" \/>\n<meta property=\"article:modified_time\" content=\"2025-04-11T19:10:16+00:00\" \/>\n<meta name=\"twitter:card\" content=\"summary_large_image\" \/>\n<meta name=\"twitter:label1\" content=\"Dur\u00e9e de lecture estim\u00e9e\" \/>\n\t<meta name=\"twitter:data1\" content=\"1 minute\" \/>\n<script type=\"application\/ld+json\" class=\"yoast-schema-graph\">{\"@context\":\"https:\/\/schema.org\",\"@graph\":[{\"@type\":\"WebPage\",\"@id\":\"https:\/\/afmje.org\/index.php\/faune-sauvage\/\",\"url\":\"https:\/\/afmje.org\/index.php\/faune-sauvage\/\",\"name\":\"Faune sauvage - AFMJE\",\"isPartOf\":{\"@id\":\"https:\/\/afmje.org\/#website\"},\"datePublished\":\"2025-03-06T08:53:12+00:00\",\"dateModified\":\"2025-04-11T19:10:16+00:00\",\"breadcrumb\":{\"@id\":\"https:\/\/afmje.org\/index.php\/faune-sauvage\/#breadcrumb\"},\"inLanguage\":\"fr-FR\",\"potentialAction\":[{\"@type\":\"ReadAction\",\"target\":[\"https:\/\/afmje.org\/index.php\/faune-sauvage\/\"]}]},{\"@type\":\"BreadcrumbList\",\"@id\":\"https:\/\/afmje.org\/index.php\/faune-sauvage\/#breadcrumb\",\"itemListElement\":[{\"@type\":\"ListItem\",\"position\":1,\"name\":\"Accueil\",\"item\":\"https:\/\/afmje.org\/\"},{\"@type\":\"ListItem\",\"position\":2,\"name\":\"Faune sauvage\"}]},{\"@type\":\"WebSite\",\"@id\":\"https:\/\/afmje.org\/#website\",\"url\":\"https:\/\/afmje.org\/\",\"name\":\"AFMJE\",\"description\":\"Association fran\u00e7aise des magistrats pour la justice environnementale\",\"publisher\":{\"@id\":\"https:\/\/afmje.org\/#organization\"},\"potentialAction\":[{\"@type\":\"SearchAction\",\"target\":{\"@type\":\"EntryPoint\",\"urlTemplate\":\"https:\/\/afmje.org\/?s={search_term_string}\"},\"query-input\":{\"@type\":\"PropertyValueSpecification\",\"valueRequired\":true,\"valueName\":\"search_term_string\"}}],\"inLanguage\":\"fr-FR\"},{\"@type\":\"Organization\",\"@id\":\"https:\/\/afmje.org\/#organization\",\"name\":\"AFMJE\",\"url\":\"https:\/\/afmje.org\/\",\"logo\":{\"@type\":\"ImageObject\",\"inLanguage\":\"fr-FR\",\"@id\":\"https:\/\/afmje.org\/#\/schema\/logo\/image\/\",\"url\":\"https:\/\/afmje.org\/wp-content\/uploads\/2023\/11\/logo-02.png\",\"contentUrl\":\"https:\/\/afmje.org\/wp-content\/uploads\/2023\/11\/logo-02.png\",\"width\":1182,\"height\":1182,\"caption\":\"AFMJE\"},\"image\":{\"@id\":\"https:\/\/afmje.org\/#\/schema\/logo\/image\/\"},\"sameAs\":[\"https:\/\/www.linkedin.com\/in\/magistrats-environnement-association-a-f-m-j-e-637a29267\/\"]}]}<\/script>\n<!-- \/ Yoast SEO plugin. -->","yoast_head_json":{"title":"Faune sauvage - AFMJE","robots":{"index":"index","follow":"follow","max-snippet":"max-snippet:-1","max-image-preview":"max-image-preview:large","max-video-preview":"max-video-preview:-1"},"canonical":"https:\/\/afmje.org\/index.php\/faune-sauvage\/","og_locale":"fr_FR","og_type":"article","og_title":"Faune sauvage - AFMJE","og_description":"Ce contenu est uniquement r\u00e9serv\u00e9 aux membres Adh\u00e9sion \u00e0 l'AFMJE.Se connecter S\u2019abonner maintenant","og_url":"https:\/\/afmje.org\/index.php\/faune-sauvage\/","og_site_name":"AFMJE","article_modified_time":"2025-04-11T19:10:16+00:00","twitter_card":"summary_large_image","twitter_misc":{"Dur\u00e9e de lecture estim\u00e9e":"1 minute"},"schema":{"@context":"https:\/\/schema.org","@graph":[{"@type":"WebPage","@id":"https:\/\/afmje.org\/index.php\/faune-sauvage\/","url":"https:\/\/afmje.org\/index.php\/faune-sauvage\/","name":"Faune sauvage - AFMJE","isPartOf":{"@id":"https:\/\/afmje.org\/#website"},"datePublished":"2025-03-06T08:53:12+00:00","dateModified":"2025-04-11T19:10:16+00:00","breadcrumb":{"@id":"https:\/\/afmje.org\/index.php\/faune-sauvage\/#breadcrumb"},"inLanguage":"fr-FR","potentialAction":[{"@type":"ReadAction","target":["https:\/\/afmje.org\/index.php\/faune-sauvage\/"]}]},{"@type":"BreadcrumbList","@id":"https:\/\/afmje.org\/index.php\/faune-sauvage\/#breadcrumb","itemListElement":[{"@type":"ListItem","position":1,"name":"Accueil","item":"https:\/\/afmje.org\/"},{"@type":"ListItem","position":2,"name":"Faune sauvage"}]},{"@type":"WebSite","@id":"https:\/\/afmje.org\/#website","url":"https:\/\/afmje.org\/","name":"AFMJE","description":"Association fran\u00e7aise des magistrats pour la justice environnementale","publisher":{"@id":"https:\/\/afmje.org\/#organization"},"potentialAction":[{"@type":"SearchAction","target":{"@type":"EntryPoint","urlTemplate":"https:\/\/afmje.org\/?s={search_term_string}"},"query-input":{"@type":"PropertyValueSpecification","valueRequired":true,"valueName":"search_term_string"}}],"inLanguage":"fr-FR"},{"@type":"Organization","@id":"https:\/\/afmje.org\/#organization","name":"AFMJE","url":"https:\/\/afmje.org\/","logo":{"@type":"ImageObject","inLanguage":"fr-FR","@id":"https:\/\/afmje.org\/#\/schema\/logo\/image\/","url":"https:\/\/afmje.org\/wp-content\/uploads\/2023\/11\/logo-02.png","contentUrl":"https:\/\/afmje.org\/wp-content\/uploads\/2023\/11\/logo-02.png","width":1182,"height":1182,"caption":"AFMJE"},"image":{"@id":"https:\/\/afmje.org\/#\/schema\/logo\/image\/"},"sameAs":["https:\/\/www.linkedin.com\/in\/magistrats-environnement-association-a-f-m-j-e-637a29267\/"]}]}},"_links":{"self":[{"href":"https:\/\/afmje.org\/index.php\/wp-json\/wp\/v2\/pages\/3104","targetHints":{"allow":["GET"]}}],"collection":[{"href":"https:\/\/afmje.org\/index.php\/wp-json\/wp\/v2\/pages"}],"about":[{"href":"https:\/\/afmje.org\/index.php\/wp-json\/wp\/v2\/types\/page"}],"author":[{"embeddable":true,"href":"https:\/\/afmje.org\/index.php\/wp-json\/wp\/v2\/users\/3"}],"replies":[{"embeddable":true,"href":"https:\/\/afmje.org\/index.php\/wp-json\/wp\/v2\/comments?post=3104"}],"version-history":[{"count":3,"href":"https:\/\/afmje.org\/index.php\/wp-json\/wp\/v2\/pages\/3104\/revisions"}],"predecessor-version":[{"id":3154,"href":"https:\/\/afmje.org\/index.php\/wp-json\/wp\/v2\/pages\/3104\/revisions\/3154"}],"wp:attachment":[{"href":"https:\/\/afmje.org\/index.php\/wp-json\/wp\/v2\/media?parent=3104"}],"curies":[{"name":"wp","href":"https:\/\/api.w.org\/{rel}","templated":true}]}}