{"id":3211,"date":"2025-09-22T10:17:14","date_gmt":"2025-09-22T08:17:14","guid":{"rendered":"https:\/\/afmje.org\/?page_id=3211"},"modified":"2025-09-22T16:17:27","modified_gmt":"2025-09-22T16:17:27","slug":"actualites","status":"publish","type":"page","link":"https:\/\/afmje.org\/index.php\/actualites\/","title":{"rendered":"Actualit\u00e9s"},"content":{"rendered":"\n<div style=\"height:79px\" aria-hidden=\"true\" class=\"wp-block-spacer\"><\/div>\n","protected":false},"excerpt":{"rendered":"","protected":false},"author":9,"featured_media":0,"parent":0,"menu_order":0,"comment_status":"closed","ping_status":"closed","template":"","meta":{"pmpro_default_level":0,"iawp_total_views":142,"footnotes":""},"class_list":["post-3211","page","type-page","status-publish","hentry","pmpro-has-access"],"yoast_head":"<!-- This site is optimized with the Yoast SEO plugin v24.6 - https:\/\/yoast.com\/wordpress\/plugins\/seo\/ -->\n<title>Actualit\u00e9s - AFMJE<\/title>\n<meta name=\"description\" content=\"Les \u00e9v\u00e9nements AFMJE : Colloque inaugural \u00ab Le climat : la justice pour quoi faire ? \u00bb, Universit\u00e9 Paris 1 Panth\u00e9on-Sorbonne\" \/>\n<meta name=\"robots\" content=\"index, follow, max-snippet:-1, max-image-preview:large, max-video-preview:-1\" \/>\n<link rel=\"canonical\" href=\"https:\/\/afmje.org\/index.php\/actualites\/\" \/>\n<meta property=\"og:locale\" content=\"fr_FR\" \/>\n<meta property=\"og:type\" content=\"article\" \/>\n<meta property=\"og:title\" content=\"Actualit\u00e9s - AFMJE\" \/>\n<meta property=\"og:description\" content=\"Les \u00e9v\u00e9nements AFMJE : Colloque inaugural \u00ab Le climat : la justice pour quoi faire ? \u00bb, Universit\u00e9 Paris 1 Panth\u00e9on-Sorbonne\" \/>\n<meta property=\"og:url\" content=\"https:\/\/afmje.org\/index.php\/actualites\/\" \/>\n<meta property=\"og:site_name\" content=\"AFMJE\" \/>\n<meta property=\"article:modified_time\" content=\"2025-09-22T16:17:27+00:00\" \/>\n<meta name=\"twitter:card\" content=\"summary_large_image\" \/>\n<script type=\"application\/ld+json\" class=\"yoast-schema-graph\">{\"@context\":\"https:\/\/schema.org\",\"@graph\":[{\"@type\":\"WebPage\",\"@id\":\"https:\/\/afmje.org\/index.php\/actualites\/\",\"url\":\"https:\/\/afmje.org\/index.php\/actualites\/\",\"name\":\"Actualit\u00e9s - AFMJE\",\"isPartOf\":{\"@id\":\"https:\/\/afmje.org\/#website\"},\"datePublished\":\"2025-09-22T08:17:14+00:00\",\"dateModified\":\"2025-09-22T16:17:27+00:00\",\"description\":\"Les \u00e9v\u00e9nements AFMJE : Colloque inaugural \u00ab Le climat : la justice pour quoi faire ? \u00bb, Universit\u00e9 Paris 1 Panth\u00e9on-Sorbonne\",\"breadcrumb\":{\"@id\":\"https:\/\/afmje.org\/index.php\/actualites\/#breadcrumb\"},\"inLanguage\":\"fr-FR\",\"potentialAction\":[{\"@type\":\"ReadAction\",\"target\":[\"https:\/\/afmje.org\/index.php\/actualites\/\"]}]},{\"@type\":\"BreadcrumbList\",\"@id\":\"https:\/\/afmje.org\/index.php\/actualites\/#breadcrumb\",\"itemListElement\":[{\"@type\":\"ListItem\",\"position\":1,\"name\":\"Accueil\",\"item\":\"https:\/\/afmje.org\/\"},{\"@type\":\"ListItem\",\"position\":2,\"name\":\"Actualit\u00e9s\"}]},{\"@type\":\"WebSite\",\"@id\":\"https:\/\/afmje.org\/#website\",\"url\":\"https:\/\/afmje.org\/\",\"name\":\"AFMJE\",\"description\":\"Association fran\u00e7aise des magistrats pour la justice environnementale\",\"publisher\":{\"@id\":\"https:\/\/afmje.org\/#organization\"},\"potentialAction\":[{\"@type\":\"SearchAction\",\"target\":{\"@type\":\"EntryPoint\",\"urlTemplate\":\"https:\/\/afmje.org\/?s={search_term_string}\"},\"query-input\":{\"@type\":\"PropertyValueSpecification\",\"valueRequired\":true,\"valueName\":\"search_term_string\"}}],\"inLanguage\":\"fr-FR\"},{\"@type\":\"Organization\",\"@id\":\"https:\/\/afmje.org\/#organization\",\"name\":\"AFMJE\",\"url\":\"https:\/\/afmje.org\/\",\"logo\":{\"@type\":\"ImageObject\",\"inLanguage\":\"fr-FR\",\"@id\":\"https:\/\/afmje.org\/#\/schema\/logo\/image\/\",\"url\":\"https:\/\/afmje.org\/wp-content\/uploads\/2023\/11\/logo-02.png\",\"contentUrl\":\"https:\/\/afmje.org\/wp-content\/uploads\/2023\/11\/logo-02.png\",\"width\":1182,\"height\":1182,\"caption\":\"AFMJE\"},\"image\":{\"@id\":\"https:\/\/afmje.org\/#\/schema\/logo\/image\/\"},\"sameAs\":[\"https:\/\/www.linkedin.com\/in\/magistrats-environnement-association-a-f-m-j-e-637a29267\/\"]}]}<\/script>\n<!-- \/ Yoast SEO plugin. -->","yoast_head_json":{"title":"Actualit\u00e9s - AFMJE","description":"Les \u00e9v\u00e9nements AFMJE : Colloque inaugural \u00ab Le climat : la justice pour quoi faire ? \u00bb, Universit\u00e9 Paris 1 Panth\u00e9on-Sorbonne","robots":{"index":"index","follow":"follow","max-snippet":"max-snippet:-1","max-image-preview":"max-image-preview:large","max-video-preview":"max-video-preview:-1"},"canonical":"https:\/\/afmje.org\/index.php\/actualites\/","og_locale":"fr_FR","og_type":"article","og_title":"Actualit\u00e9s - AFMJE","og_description":"Les \u00e9v\u00e9nements AFMJE : Colloque inaugural \u00ab Le climat : la justice pour quoi faire ? \u00bb, Universit\u00e9 Paris 1 Panth\u00e9on-Sorbonne","og_url":"https:\/\/afmje.org\/index.php\/actualites\/","og_site_name":"AFMJE","article_modified_time":"2025-09-22T16:17:27+00:00","twitter_card":"summary_large_image","schema":{"@context":"https:\/\/schema.org","@graph":[{"@type":"WebPage","@id":"https:\/\/afmje.org\/index.php\/actualites\/","url":"https:\/\/afmje.org\/index.php\/actualites\/","name":"Actualit\u00e9s - AFMJE","isPartOf":{"@id":"https:\/\/afmje.org\/#website"},"datePublished":"2025-09-22T08:17:14+00:00","dateModified":"2025-09-22T16:17:27+00:00","description":"Les \u00e9v\u00e9nements AFMJE : Colloque inaugural \u00ab Le climat : la justice pour quoi faire ? \u00bb, Universit\u00e9 Paris 1 Panth\u00e9on-Sorbonne","breadcrumb":{"@id":"https:\/\/afmje.org\/index.php\/actualites\/#breadcrumb"},"inLanguage":"fr-FR","potentialAction":[{"@type":"ReadAction","target":["https:\/\/afmje.org\/index.php\/actualites\/"]}]},{"@type":"BreadcrumbList","@id":"https:\/\/afmje.org\/index.php\/actualites\/#breadcrumb","itemListElement":[{"@type":"ListItem","position":1,"name":"Accueil","item":"https:\/\/afmje.org\/"},{"@type":"ListItem","position":2,"name":"Actualit\u00e9s"}]},{"@type":"WebSite","@id":"https:\/\/afmje.org\/#website","url":"https:\/\/afmje.org\/","name":"AFMJE","description":"Association fran\u00e7aise des magistrats pour la justice environnementale","publisher":{"@id":"https:\/\/afmje.org\/#organization"},"potentialAction":[{"@type":"SearchAction","target":{"@type":"EntryPoint","urlTemplate":"https:\/\/afmje.org\/?s={search_term_string}"},"query-input":{"@type":"PropertyValueSpecification","valueRequired":true,"valueName":"search_term_string"}}],"inLanguage":"fr-FR"},{"@type":"Organization","@id":"https:\/\/afmje.org\/#organization","name":"AFMJE","url":"https:\/\/afmje.org\/","logo":{"@type":"ImageObject","inLanguage":"fr-FR","@id":"https:\/\/afmje.org\/#\/schema\/logo\/image\/","url":"https:\/\/afmje.org\/wp-content\/uploads\/2023\/11\/logo-02.png","contentUrl":"https:\/\/afmje.org\/wp-content\/uploads\/2023\/11\/logo-02.png","width":1182,"height":1182,"caption":"AFMJE"},"image":{"@id":"https:\/\/afmje.org\/#\/schema\/logo\/image\/"},"sameAs":["https:\/\/www.linkedin.com\/in\/magistrats-environnement-association-a-f-m-j-e-637a29267\/"]}]}},"_links":{"self":[{"href":"https:\/\/afmje.org\/index.php\/wp-json\/wp\/v2\/pages\/3211","targetHints":{"allow":["GET"]}}],"collection":[{"href":"https:\/\/afmje.org\/index.php\/wp-json\/wp\/v2\/pages"}],"about":[{"href":"https:\/\/afmje.org\/index.php\/wp-json\/wp\/v2\/types\/page"}],"author":[{"embeddable":true,"href":"https:\/\/afmje.org\/index.php\/wp-json\/wp\/v2\/users\/9"}],"replies":[{"embeddable":true,"href":"https:\/\/afmje.org\/index.php\/wp-json\/wp\/v2\/comments?post=3211"}],"version-history":[{"count":1,"href":"https:\/\/afmje.org\/index.php\/wp-json\/wp\/v2\/pages\/3211\/revisions"}],"predecessor-version":[{"id":3213,"href":"https:\/\/afmje.org\/index.php\/wp-json\/wp\/v2\/pages\/3211\/revisions\/3213"}],"wp:attachment":[{"href":"https:\/\/afmje.org\/index.php\/wp-json\/wp\/v2\/media?parent=3211"}],"curies":[{"name":"wp","href":"https:\/\/api.w.org\/{rel}","templated":true}]}}

Actualités

<!-- This site is optimized with the Yoast SEO plugin v24.6 - https://yoast.com/wordpress/plugins/seo/ -->
<title>Actualités - AFMJE</title>
<meta name="description" content="Les événements AFMJE : Colloque inaugural « Le climat : la justice pour quoi faire ? », Université Paris 1 Panthéon-Sorbonne" />
<meta name="robots" content="index, follow, max-snippet:-1, max-image-preview:large, max-video-preview:-1" />
<link rel="canonical" href="https://afmje.org/index.php/actualites/" />
<meta property="og:locale" content="fr_FR" />
<meta property="og:type" content="article" />
<meta property="og:title" content="Actualités - AFMJE" />
<meta property="og:description" content="Les événements AFMJE : Colloque inaugural « Le climat : la justice pour quoi faire ? », Université Paris 1 Panthéon-Sorbonne" />
<meta property="og:url" content="https://afmje.org/index.php/actualites/" />
<meta property="og:site_name" content="AFMJE" />
<meta property="article:modified_time" content="2025-09-22T16:17:27+00:00" />
<meta name="twitter:card" content="summary_large_image" />
<script type="application/ld+json" class="yoast-schema-graph">{"@context":"https://schema.org","@graph":[{"@type":"WebPage","@id":"https://afmje.org/index.php/actualites/","url":"https://afmje.org/index.php/actualites/","name":"Actualités - AFMJE","isPartOf":{"@id":"https://afmje.org/#website"},"datePublished":"2025-09-22T08:17:14+00:00","dateModified":"2025-09-22T16:17:27+00:00","description":"Les événements AFMJE : Colloque inaugural « Le climat : la justice pour quoi faire ? », Université Paris 1 Panthéon-Sorbonne","breadcrumb":{"@id":"https://afmje.org/index.php/actualites/#breadcrumb"},"inLanguage":"fr-FR","potentialAction":[{"@type":"ReadAction","target":["https://afmje.org/index.php/actualites/"]}]},{"@type":"BreadcrumbList","@id":"https://afmje.org/index.php/actualites/#breadcrumb","itemListElement":[{"@type":"ListItem","position":1,"name":"Accueil","item":"https://afmje.org/"},{"@type":"ListItem","position":2,"name":"Actualités"}]},{"@type":"WebSite","@id":"https://afmje.org/#website","url":"https://afmje.org/","name":"AFMJE","description":"Association française des magistrats pour la justice environnementale","publisher":{"@id":"https://afmje.org/#organization"},"potentialAction":[{"@type":"SearchAction","target":{"@type":"EntryPoint","urlTemplate":"https://afmje.org/?s={search_term_string}"},"query-input":{"@type":"PropertyValueSpecification","valueRequired":true,"valueName":"search_term_string"}}],"inLanguage":"fr-FR"},{"@type":"Organization","@id":"https://afmje.org/#organization","name":"AFMJE","url":"https://afmje.org/","logo":{"@type":"ImageObject","inLanguage":"fr-FR","@id":"https://afmje.org/#/schema/logo/image/","url":"https://afmje.org/wp-content/uploads/2023/11/logo-02.png","contentUrl":"https://afmje.org/wp-content/uploads/2023/11/logo-02.png","width":1182,"height":1182,"caption":"AFMJE"},"image":{"@id":"https://afmje.org/#/schema/logo/image/"},"sameAs":["https://www.linkedin.com/in/magistrats-environnement-association-a-f-m-j-e-637a29267/"]}]}</script>
<!-- / Yoast SEO plugin. -->

Actualités - AFMJE

Les événements AFMJE : Colloque inaugural « Le climat : la justice pour quoi faire ? », Université Paris 1 Panthéon-Sorbonne

Association française des magistrats pour la justice environnementale
